a composite number?
True
Let l(u) be the third derivative of -u**6/120 - u**5/30 - u**4/24 - 13*u**3/6 + u**2. Suppose 122*z + 203 + 805 = 38*z. Is l(z) a prime number?
True
Is 623787/19 - (-35)/35*2/19 a composite number?
False
Let o(w) = w**2 - 16*w + 18. Let v be o(15). Suppose 4*d - 2*z - 12084 = 0, 3*d = 8*d - v*z - 15107. Is d a composite number?
False
Suppose 2*q - 4 = 0, g - 15 = 3*q + 29. Suppose -g*u + 51*u - 8903 = 0. Is u composite?
True
Suppose 0*k - 5*d = 3*k - 1223, -k + 396 = 4*d. Let h = k + 437. Is h a composite number?
False
Suppose 25*m = 2*n + 20*m - 43526, -2*n = -3*m - 43526. Is n a composite number?
True
Let z be (157 + -1)*(10 + (-108)/(-24)). Suppose 2*m - 2*n = 1810, -3*n = 3*m - z - 465. Is m prime?
True
Suppose 47 - 14 = 3*u. Let s(g) = -g**3 + 9*g**2 + 23*g - 7. Let y be s(u). Suppose y*w + 8 = 0, -9308 + 2837 = -5*k + 3*w. Is k composite?
True
Let w(h) = -108*h - 8. Let z be w(2). Let j = 110 + 347. Let n = z + j. Is n a composite number?
False
Let s be (-2649)/(-12) - 3/(-12). Suppose a - s = -5*j, -3*a + 4*j + 500 + 125 = 0. Is a composite?
False
Let j(u) = 1203*u**2 - 75*u - 887. Is j(-15) prime?
True
Let p(l) = 19*l**2 - 8*l - 7 - 5 + 4*l**2 - l**3. Let d be p(19). Suppose -4*a - 12 = -d. Is a prime?
True
Let u = 148 + -145. Suppose c + 0*c - 463 = -4*h, c - 460 = -u*h. Is c a composite number?
True
Let d = 922816 + 354361. Is d a composite number?
True
Let b(c) = 7*c**2 + c - 17. Let d(t) = -11*t**3 - t**2 + 4*t - 2. Suppose -4 = -6*u + 2. Let a be d(u). Is b(a) composite?
False
Let i = 67378 + 516049. Is i a composite number?
True
Let p be (-6)/2*(-6)/9. Suppose 0 = -p*n + 1430 - 172. Suppose c = 522 + n. Is c prime?
True
Let j be -4*3/(-48)*20. Let b(m) = m**3 - 4*m**2 - 4*m - 1. Let x be b(j). Suppose 3*y = 2*k + k + 600, -y + 195 = x*k. Is y prime?
True
Let v = -97924 + 555426. Is v prime?
False
Suppose 11*k = 16*k + 4990. Let q = -237 - k. Suppose 4*i = 1467 + q. Is i composite?
False
Let x be 2 + (-320)/(-4 + 9). Let k = x + 64. Suppose 2*n = n + k*s + 585, 3*n = 3*s + 1758. Is n composite?
False
Let d be 41 - (5 - (11 + -3)). Suppose -36*n - 97912 = -d*n. Is n a composite number?
False
Suppose 46*y - 25*y - 212557 = 20*y. Is y prime?
True
Let s(n) be the third derivative of -805*n**4/12 + 79*n**3/6 + 2*n**2 - 99. Is s(-2) a composite number?
False
Let x(j) = 220*j**2 - 59*j + 55. Is x(-22) a composite number?
True
Is ((-753028)/790)/(2/(-35)) composite?
True
Let u(t) = 3*t**3 - 8*t**2 - 12*t + 1. Let v be 0 + 5 + -3 - 8. Let o be u(v). Is (9/6 + (-10)/4)*o composite?
False
Let v(l) = 4*l**2 - 13*l + 13. Let m be v(1). Suppose m*c = 3*k - 106105, -11*c + 106098 = 3*k - 8*c. Is k prime?
False
Suppose 0 = 5*g + t - 11580, 7*g - 6*t + 9*t - 16204 = 0. Is g prime?
False
Suppose -2*d + 90 = 4*d. Let w = 20 - d. Suppose -3*k = -g - 3304, 1 = w*g + 6. Is k composite?
True
Suppose -5*w + 39078331 = 2*w + 46*w. Is w a prime number?
True
Let f = 10839 + -2521. Suppose x = -x + f. Is x prime?
True
Let z(r) = -r**3 - 11*r**2 - 3*r - 23. Let b be z(-11). Suppose -2*g + 2 = 2*d - 4, 0 = -2*d + 2*g + b. Suppose -d*x = -12188 - 6000. Is x a prime number?
True
Let n = -28 + 36. Suppose n*g - 1151 = 1809. Suppose -2*k = -g - 744. Is k a prime number?
True
Let r = 12941 - -6126. Suppose -2*p + r = 2*l + 5069, 3*p = l - 6995. Is l composite?
True
Let a(g) = -7460*g - 439. Let c(i) = 3730*i + 218. Let j(k) = -3*a(k) - 7*c(k). Is j(-6) composite?
False
Suppose 5*c + 4*i = 7*i - 28, -3*i = -3. Let z = 17 + c. Suppose 23915 = -7*n + z*n. Is n a composite number?
False
Let j(p) = 4*p**2 - 12*p - 21. Let n be 4/(78/12 - 7). Is j(n) a prime number?
True
Let v = 18156 - -4258. Suppose -78*k - v = -80*k. Is k a composite number?
True
Let r(v) = 72125*v**2 - 19*v + 29. Is r(2) a prime number?
False
Suppose 210 = 13*h - 102. Suppose -18467 - 15109 = -h*w. Is w prime?
True
Let k be (-124)/6*(-138)/(-2). Let s(h) = 14*h + 147. Let b be s(-38). Let v = b - k. Is v a composite number?
True
Let c = -3022 - -3026. Let a = -1 - 0. Is a*c + 14*18/4 a prime number?
True
Let z = 87 + -73. Suppose -3*x = -10*x - z. Let m(n) = -140*n**3 - 2*n - 3. Is m(x) composite?
True
Let t(x) = -11*x + 51. Let q be t(5). Let u(b) = -23*b**3 + 8*b**2 + 23. Is u(q) prime?
False
Let f(c) = c**3 + 8*c**2 + 11*c + 16. Let b be f(-6). Suppose -21*j - 27139 = -b*j. Is j prime?
False
Let x(k) = -k**2 + 7*k. Let y be x(4). Suppose 11*r + 5349 = y*r. Is (-12)/16 + r/12 a composite number?
True
Is (-16)/18 + (-10859736)/(-1836) prime?
False
Suppose 2 = 5*x + 2. Suppose -6*s - 1 + 1 = x. Suppose -2*b + 0*w - w + 1598 = s, 0 = -4*w + 16. Is b composite?
False
Is 110618 - ((-73)/15 - 10/75) composite?
False
Let v(n) = 13250*n + 1111. Is v(2) a composite number?
False
Let g(f) = 20684*f + 663. Is g(2) prime?
False
Suppose 0 = 9*m + 122 - 158. Suppose -113916 = -m*v - 3*u - 30949, -3*v + 62226 = 3*u. Is v a composite number?
True
Let u be (16/6 - -2)/(8/12). Let x = u - 2. Suppose -2*l - 3*r = -269, 0*l + x*r - 406 = -3*l. Is l a prime number?
True
Is 460/30*11406/4 prime?
False
Let s(d) be the first derivative of 32 + 5*d - 11/3*d**3 - 1/4*d**4 + d**2. Is s(-18) composite?
False
Is (-33242226)/(-46) - (-210)/(-2415) a composite number?
True
Let h(c) = 38135*c**2 + 20*c + 20. Is h(5) composite?
True
Suppose -3*f + 16 = 4. Is (-59)/((-6)/531*6/f) composite?
True
Let z(j) = 13*j**2 + 16*j + 35. Let m(l) = 7*l**2 + 8*l + 18. Let i(b) = -11*m(b) + 6*z(b). Let q be i(-5). Is 1/q*(-8 + -1429) composite?
False
Suppose -377*f + 373*f = 12. Is (-1)/((-2)/13896) + 3/f a composite number?
False
Let y = 2557 + -505. Is (2 - (-1)/(-1)) + y composite?
False
Let z(q) = q - 4. Let c be z(9). Suppose c*j - 3*v = 634, -3*j - 3*v + 518 = j. Suppose u - 779 = j. Is u a composite number?
False
Let r(z) = 155*z**3 + z**2 + 5*z - 5. Suppose -2*x + 54 - 18 = 0. Let l be -2*((-4)/6 + (-6)/x). Is r(l) composite?
False
Let u = 8135 - -16016. Is u a prime number?
True
Let k(h) = 7*h + 94. Let g be k(-13). Is 5 - (-1)/(g/1530) a composite number?
True
Let u(i) = -2*i**3 - 102*i**2 - 182*i + 159. Is u(-76) a prime number?
True
Let c be (-1 - -2) + -1201 + -1. Let r = 1868 + c. Is r composite?
True
Let m = 325 - 457. Let d = m + 1135. Is d a prime number?
False
Let d be ((-24)/14)/((-8)/28). Suppose 6*l - 6 = 2*l + 2*h, d = -2*l + 4*h. Suppose -m - 2*m = l*f - 4185, m = f + 1403. Is m prime?
True
Let m = -4 - -51. Let c = -32 + m. Let z = 47 + c. Is z composite?
True
Let x(h) = -2*h**2 - 4*h + 3. Let f be x(-3). Let b be f/1*(-36)/6. Suppose -b*y = -21*y + 8583. Is y prime?
True
Suppose 5*h = -4*q + q + 211, 0 = 4*h + q - 166. Let c be 519 - (12/10)/(33/110). Suppose -2*b + c = i, -h = -3*b - i + 731. Is b a prime number?
True
Suppose 0 = z - 4*m - 10196, -5*m - 5165 = -z + 5035. Suppose 0 = -96*o + 92*o + z. Is o prime?
False
Is (1 - 4)/(201/(-18908807)) composite?
False
Let x(o) = o**3 + 2*o**2 - 6*o + 7925. Let v be x(0). Let u = -3483 + v. Is u a prime number?
False
Let s be (158/6)/(0 - (-2)/2490). Let n = s - 12540. Is n prime?
False
Let m(o) = 152294*o - 1106. Is m(6) prime?
False
Let h(w) = 2*w - 22. Let u be h(13). Suppose u*j - b = 8611, b = j + 2*b - 2154. Is j a prime number?
True
Let p(q) = -2*q**2 + 18*q + 6. Let t(n) = n**2 + 11*n - 13. Let b be t(-13). Let s be p(b). Let v = s + 1357. Is v a prime number?
True
Suppose 80*s - 13196490 = -50*s + 39475220. Is s prime?
False
Suppose -265 - 155 = -21*q. Suppose q*f - 9*f = 46211. Is f a prime number?
True
Let s(a) be the third derivative of -a**6/120 + a**5/20 - a**4/24 + 24*a**2. Let f be s(2). Is (30/(-20))/(f/(-1028)) composite?
True
Suppose 13 = 2*k - k + 4*m, 0 = 3*k - 5*m - 5. Let l be -3 + (-35)/(-10) + k/2. Suppose 4*c - l*c + 5*p - 688 = 0, -5*c - 2*p = -3417. Is c prime?
True
Suppose -5*l = 19*l + 21*l - 21446325. Is l composite?
True
Let f(w) be the first derivative of w**3 + 11*w**2/2 - 6*w + 12. Let n be f(-8). Let o = n + -67. Is o a composite number?
False
Suppose -5 = -2*b - 1. Let a(z) be the first derivative of 44*z**4 - z**3 + z**2/2 + 4*z + 18. Is a(b) composite?
True
Is 58/3*((-136572)/(-8))/19 prime?
False
Let z(x) = -3*x**3 - x**2 + 2*x + 8. Let s be z(-4). Let t(n) = -65*n + s*n + 171*n - 34*n + 71. Is t(18) a pri